uppose 2*q - h - 218 = -5*h, -3*q - 2*h = -311. What is the units digit of q?
1
Suppose -h - r = -74, 2*r = 4*r + 8. What is the tens digit of h?
7
Let g(k) = 8*k - 66. What is the units digit of g(14)?
6
Suppose o = -2*t - t + 30, 4*o + 3*t = 75. Let f = -3 + o. What is the tens digit of f?
1
Let d(u) = 7 + 3*u + 2*u**2 + 5*u**2 + u**3 + 4*u. Let o = -4 + -2. What is the units digit of d(o)?
1
Suppose -3*y + 8 = -1. Suppose -m + 1 + y = 0. Suppose -m*v = -5*v + 5. What is the units digit of v?
5
Let n be (-6)/(-3) - 2*1. Suppose -i - i + 4 = n. Suppose 2*z - 12 = -i*z. What is the units digit of z?
3
Suppose -4*r + 3*h + 127 = 0, -r - 2*r - 4*h + 64 = 0. What is the tens digit of r?
2
Let u(i) = i**3 + 4*i**2 + 4*i + 2. Let y(d) = d. Let b be y(-2). What is the units digit of u(b)?
2
Let p = -895 - -607. What is the units digit of p/(-30) + (-2)/(-5)?
0
Let t(p) be the third derivative of p**4/12 + p**3 + 2*p**2. Let s be t(-6). What is the units digit of (50/(-30))/(2/s)?
5
Suppose -12 = f + 2*f. Let c be 30/f*4/(-6). Suppose 0 = p - c + 1. What is the units digit of p?
4
Let m = 6 - 6. Let c be -2 + 1 + m/(-1). What is the units digit of (-1)/c + 2 - -3?
6
Let z(b) = 3*b - 2. Let r be z(2). Suppose -3*w + 50 = -2*w. Suppose -u + w = r*u. What is the units digit of u?
0
Let j(a) = a**2 - 2*a. Let h be j(6). Suppose 0 = -0*k - 2*k + h. What is the tens digit of k?
1
Suppose 55 = 2*n + 9. What is the tens digit of n?
2
Suppose 2*x + 0*x - 10 = 0. What is the units digit of -1 + 36/(x - 1)?
8
Suppose -5*b = -547 + 97. Let p be (2/(-5))/(3/b). What is the units digit of 2/p*-3*12?
6
Suppose -4*j = -0*j - 120. What is the tens digit of j?
3
Let i = -6 - -9. Let g be 10/i*(-48)/40. What is the units digit of g/20 + 16/5?
3
Let m(h) = h**3 + 6*h**2 - 4*h - 5. Let g be m(-6). Let l = g - 18. What is the units digit of l?
1
Suppose 5*n - 25 = 4*j, -4*n - n + 25 = -j. Let b(m) = m**2 - m + 4. What is the units digit of b(j)?
4
Let f(q) = q + 4. Suppose 2*i - 3*u = 8, -23 = 2*i - 5*i - u. Let c be f(i). Let s = 18 - c. What is the units digit of s?
7
Let t be 30 + (-2)/(-2) - 1. Let p(f) = f**2 - 12*f + 14. Let s be p(11). What is the tens digit of (s/(9/t))/1?
1
Let u(y) = 14*y - 8. What is the tens digit of u(3)?
3
Let g(w) = -w**2 + 12*w - 8. Suppose -2*y - 3*o = -31, 2*y - 3*o = -0*o + 13. Let s be g(y). Suppose s*a - 4*a = -8. What is the units digit of a?
8
Let y = -1 + 3. Let p be (9/y)/(3/(-4)). What is the units digit of (-40)/p + (-2)/3?
6
Let n be 2/2 + 1 - -1. Suppose -4*v = 5*s - 18, -3*s = -4*v - 3 + 5. Let p = s + n. What is the units digit of p?
5
Let t(c) = -c**2 + c - 2. Suppose 0 = -5*k - 4*z + 20, -2*z = -2*k - 5*z + 15. Let u be t(k). What is the units digit of (6/9)/(u/(-21))?
7
Suppose 3*s = -5*l + 2*s + 88, 2*l + 2*s - 40 = 0. What is the units digit of l?
7
Let o(u) = -4*u**3 + 13*u**2 + 9*u - 7. Let g(b) = 3*b**3 - 9*b**2 - 6*b + 5. Let k(d) = -7*g(d) - 5*o(d). What is the units digit of k(-3)?
8
Suppose 2*k + w + 5 = -0*w, -4*w - 16 = 4*k. Let b(o) = -4*o**3 + 2*o**2 - 1. Let c be b(k). Suppose 4*d + c = 5*d. What is the units digit of d?
5
Let x(d) = 2*d**2 - 5*d - 4. Suppose 2*p = 5*p - 3. Suppose -h = -p - 3. What is the units digit of x(h)?
8
Let l(i) = i**2 - 2*i - 3. Let k(r) = 5*r**2 - 11*r - 14. Suppose 9 + 13 = 2*x. Let t(b) = x*l(b) - 2*k(b). What is the units digit of t(4)?
1
Let i(g) = g**3 - 1. What is the units digit of i(2)?
7
Suppose 2*w - 5 = 3. Suppose i - 2*c - 34 = -3*i, -w*i + 14 = 2*c. What is the units digit of i?
6
Suppose 3*t - 2*u - 133 = -7*u, 2*u = 4*t - 134. What is the tens digit of t?
3
Let m(k) = 6*k - 1. Let f be m(3). Let i = 29 - f. What is the units digit of i?
2
Let l(x) = -22*x**3 - 2*x - x**2 + 0*x + 2 - 3. Let s be l(-1). Suppose -q - 4*o + 14 = 4*q, -q + 4*o = -s. What is the units digit of q?
6
What is the hundreds digit of 105 + 2 - (8 - 4)?
1
Let i(d) = -4*d. Let j be i(-6). What is the units digit of (176/j)/((-4)/(-6))?
1
Suppose -i + 35 = -3*g - 14, -4*g - 52 = -i. Suppose -i + 0 = -4*w. Let k = -6 + w. What is the units digit of k?
4
What is the units digit of (-151)/(-7) + (-48)/(-112)?
2
Let j be 2/(-7) - (-88)/14. Suppose -2*g - 164 = -j*g - b, -148 = -4*g + 3*b. What is the units digit of g?
0
Let m(q) = -q**2 + q + 14. Let k be -3 - (-2 + 2 - 3). What is the units digit of m(k)?
4
Let z be 5 + 3*1/3. Let n(p) = p**2 + p - 1. Let b be n(2). Let l = z - b. What is the units digit of l?
1
Let x(n) be the third derivative of 11*n**4/24 - 2*n**3/3 - 3*n**2. What is the units digit of x(2)?
8
What is the units digit of -4 + (-11)/(22/(-140))?
6
Suppose -y + 3 = -0*y. Suppose 4*z + 10 = p, p + 5*z - 4 = y*z. What is the units digit of p?
6
Let h(d) = -d**3 - 4*d**2 + 4*d + 3. Let x be h(-4). Let p = -8 - x. Suppose -p*f - 2 = 2*a - 10, -3*f + a + 7 = 0. What is the units digit of f?
2
Let o = -3 + 12. Suppose o*x - 34 = 8*x. What is the tens digit of x?
3
Let l(d) be the third derivative of 0*d + 2*d**2 - 1/3*d**3 + 0 + 5/24*d**4 - 1/60*d**5. What is the units digit of l(3)?
4
Suppose 0*w = 10*w - 670. What is the tens digit of w?
6
Suppose 0 = 3*b + 21 - 213. Suppose -36 = -h - 3*z, -176 = -4*h - 4*z - b. Let v = h + -17. What is the units digit of v?
7
Let y(k) = 2*k**2 + 2*k - 3. What is the units digit of y(4)?
7
What is the units digit of (11 + -2 + 2)*9?
9
What is the tens digit of (-1000)/8*4/(-10)?
5
Let o(x) = 7*x**2 - 6*x - 5. What is the tens digit of o(-3)?
7
Let d(h) = -16*h**2 - 30*h - 25. Let c(g) = -3*g**2 - 6*g - 5. Let l(v) = -11*c(v) + 2*d(v). What is the units digit of l(-6)?
5
Let a(p) = -p**2 + p - 1. Let s(y) = -y**2 + 2*y - 4. Let g(x) = -3*a(x) + s(x). What is the units digit of g(2)?
5
Suppose h - 32 - 51 = 0. What is the units digit of h?
3
Suppose -6*h + h - 35 = 0. Let y = h + 5. What is the units digit of y/2 - (-13)/1?
2
Suppose -3*h + 540 = 2*h. What is the tens digit of h?
0
Let l(y) = -y**3 + 6*y**2 + y - 1. Let j be l(6). Suppose 3*m + 7 = j*b, -m - 9 = 3*b - 2. Let r = 0 - m. What is the units digit of r?
4
Suppose -c + 6 = 2, 2*n - c + 14 = 0. Let l(u) = 11*u**2 - u - 1. Let r be l(1). Let h = n + r. What is the units digit of h?
4
Let g = 4 + -1. Suppose -g*i - 16 = -3*a - i, 3*a + 5*i = 44. Suppose 0*y + a = 2*y. What is the units digit of y?
4
Let s(a) = 2*a**2 - 4*a. Let o = 4 + -1. Let f be s(o). Let c(j) = -j**2 + 7*j - 4. What is the units digit of c(f)?
2
Let a = -19 + 23. What is the units digit of a?
4
Let l(o) = o**3 + 11*o**2 - 2*o + 2. What is the hundreds digit of l(-10)?
1
Suppose 2*c + 5*m = 2*m + 44, 110 = 5*c - m. Suppose 4*x + 0*x = -2*t + c, 3*x - 19 = -2*t. Let q(s) = s - 3. What is the units digit of q(t)?
2
Suppose 4 + 106 = 5*s. Let x = s + -15. Let m(k) = -k**2 + 8*k - 6. What is the units digit of m(x)?
1
What is the units digit of (-2)/5 - (-891)/15?
9
Suppose -2*k - 394 = -4*w, -5*w - 5*k + 575 = 105. Suppose -20 = -3*q + w. Suppose 0 = -4*o - 15 + q. What is the units digit of o?
6
What is the tens digit of (-218)/(-3 + 1) - (-1)/1?
1
Let f = -23 - -115. What is the units digit of f?
2
Let n = -75 - -130. What is the units digit of n?
5
Suppose -3 = 3*x - 4*j, -2*j + 5 = 2*x - 7. Suppose b = -x*b. Suppose w + 4*k - 18 = -b*w, 4*w + 4*k = 24. What is the units digit of w?
2
Let h(n) = n**2 + n + 1. Let v(a) = a - 14. Let j be v(10). What is the units digit of h(j)?
3
Let i = 8 - 3. Suppose x - 19 = -q, -94 + 29 = -3*x - i*q. Suppose -3*b + x = 2*b. What is the units digit of b?
3
Let c(s) = -6*s + 7. What is the tens digit of c(-3)?
2
What is the tens digit of 81*((-160)/(-75) + 8/(-60))?
6
Suppose -2*a + 15 = v, -4*a = 5*v - 4*v - 25. Suppose -v*c + 15 = -0*c. Suppose -3*z - 2*z + 25 = 0, 2*z + 5 = c*p. What is the units digit of p?
5
Suppose -p = -5*x + 2*x + 26, -38 = -3*x - 2*p. Let n(f) = f - 6. Let w be n(6). Let t = w + x. What is the tens digit of t?
1
Let j = -51 - -65. What is the units digit of j?
4
Let g(h) = -h**3 + 8*h**2 - 8*h - 6. Let l be (-1)/(-5) - (-87)/15. What is the tens digit of g(l)?
1
Suppose 0*p - p + 5*o + 4 = 0, 2*p - 17 = o. What is the units digit of p?
9
Let w(p) = 3*p**2 - p - 9. Let v = 4 - 0. What is the tens digit of w(v)?
3
Let s(l) = l**3 + 3*l**2 + 2*l + 3. Let f be s(-2). 